-26427
Convert -1121200 (base 3) to base 6.
-5243
Convert 231230 (base 4) to base 3.
11000022
Convert 41211 (base 5) to base 12.
1675
Convert 15132 (base 8) to base 15.
1eeb
-2c34 (base 14) to base 9
-11732
Convert bd (base 16) to base 7.
360
100101001000110 (base 2) to base 15
5979
Convert -24620 (base 9) to base 5.
-1012132
2300110 (base 4) to base 16
2c14
-24373 (base 9) to base 16
-3fdb
What is -143331 (base 6) in base 7?
-55021
17524 (base 12) to base 13
12391
1114 (base 6) to base 10
262
-47432 (base 9) to base 2
-111101111010100
What is 4433 (base 5) in base 16?
26a
2014 (base 7) to base 13
418
What is 14577 (base 8) in base 7?
25013
Convert 6236 (base 12) to base 3.
112200020
Convert 2202 (base 5) to base 3.
102012
241 (base 16) to base 6
2401
Convert -133567 (base 8) to base 3.
-2101102112
What is -2324 (base 10) in base 9?
-3162
Convert -11774 (base 10) to base 8.
-26776
What is 21321110 (base 4) in base 11?
284a8
What is -8a4 (base 11) in base 14?
-574
Convert 11201222 (base 3) to base 16.
d7f
Convert -adc (base 16) to base 9.
-3728
Convert -546 (base 9) to base 7.
-1206
What is 3562 (base 7) in base 11?
a99
What is -6aa7 (base 11) in base 12?
-5481
20201 (base 5) to base 15
5bb
3aac (base 15) to base 5
400122
What is -56145 (base 7) in base 15?
-42d0
-a80 (base 13) to base 8
-3402
What is 1a54 (base 13) in base 7?
14351
5539 (base 10) to base 5
134124
308d (base 14) to base 4
2002211
What is 2011313 (base 4) in base 12?
4b5b
c5 (base 15) to base 3
20212
What is 108383 (base 9) in base 11?
44a92
-5959 (base 10) to base 12
-3547
-25142 (base 6) to base 12
-21b2
Convert -1818 (base 13) to base 6.
-24310
What is 111 (base 8) in base 11?
67
78 (base 13) to base 14
71
-2212200211 (base 3) to base 13
-1ca20
-9256 (base 13) to base 2
-100111011010110
-3133003 (base 4) to base 13
-6661
Convert -8699 (base 10) to base 15.
-289e
Convert 7922 (base 11) to base 14.
3b30
Convert 728 (base 9) to base 10.
593
What is 22000011 (base 3) in base 12?
3464
What is -1010100111100100 (base 2) in base 10?
-43492
26056 (base 8) to base 3
120111220
Convert -12120 (base 6) to base 7.
-5115
What is -2134 (base 9) in base 15?
-6ea
13259 (base 10) to base 8
31713
What is 1641 (base 10) in base 3?
2020210
-3a98 (base 11) to base 14
-1d14
Convert 981 (base 11) to base 5.
14203
-1001101011 (base 2) to base 8
-1153
What is -5744 (base 8) in base 3?
-11011202
What is 15 (base 11) in base 4?
100
What is -15925 (base 11) in base 9?
-33662
880 (base 10) to base 9
1177
Convert 347b (base 12) to base 16.
16df
Convert -231233 (base 4) to base 15.
-d02
What is 3206 (base 7) in base 15?
508
10433 (base 6) to base 5
21321
Convert 21400 (base 6) to base 8.
5610
Convert -84c (base 14) to base 6.
-11324
What is 5783 (base 10) in base 8?
13227
What is 457d (base 16) in base 4?
10111331
-616 (base 13) to base 7
-3004
Convert 195 (base 11) to base 7.
441
-344 (base 14) to base 5
-10043
Convert -2598 (base 10) to base 11.
-1a52
24a (base 15) to base 8
1010
Convert -153530 (base 6) to base 14.
-570a
-43571 (base 8) to base 14
-694d
What is -31 (base 4) in base 12?
-11
Convert -208 (base 15) to base 2.
-111001010
Convert 125312 (base 6) to base 12.
6838
-120002201 (base 3) to base 2
-10101100000000
-a491 (base 11) to base 15
-41b4
What is 3568 (base 9) in base 7?
10511
Convert -1011101000110 (base 2) to base 7.
-23241
What is -20213 (base 4) in base 2?
-1000100111
What is 201021 (base 3) in base 9?
637
Convert 19b5 (base 12) to base 13.
1592
-2149 (base 12) to base 15
-113c
What is 1075 (base 14) in base 8?
5437
Convert 11024 (base 5) to base 16.
2fc
101001000000 (base 2) to base 16
a40
-a309 (base 13) to base 6
-252034
-1350 (base 16) to base 7
-20262
What is -1011 (base 2) in base 4?
-23
13653 (base 11) to base 2
100101111011010
Convert -54 (base 16) to base 15.
-59
What is -3203234 (base 5) in base 3?
-2201111001
What is -565 (base 7) in base 4?
-10210
What is 531 (base 11) in base 5?
10024
Convert 1001332 (base 4) to base 10.
4222
What is 1001001101111 (base 2) in base 5?
122334
What is -248 (base 13) in base 9?
-482
-1145 (base 12) to base 15
-885
What is -1e3 (base 15) in base 9?
-536
Convert 104 (base 7) to base 5.
203
Convert -986 (base 15) to base 4.
-201213
Convert 496 (base 14) to base 11.
763
Convert 4a78 (base 14) to base 7.
53011
What is -22310 (base 6) in base 3?
-11022020
Convert -11001110 (base 2) to base 7.
-413
1a48 (base 15) to base 3
21210212
571 (base 10) to base 13
34c
What is -11451 (base 6) in base 16?
-697
100022 (base 3) to base 15
11b
What is 132501 (base 6) in base 12?
7131
19b (base 15) to base 3
111202
Convert -2030 (base 4) to base 15.
-95
1000000100101011 (base 2) to base 7
165256
Convert 566 (base 10) to base 3.
202222
Convert 110011100111 (base 2) to base 7.
12426
What is 13d71 (base 14) in base 6?
1020115
What is 11021102 (base 3) in base 16?
c2c
Convert -31722 (base 8) to base 15.
-3de6
Convert -1564 (base 8) to base 6.
-4032
Convert 148 (base 11) to base 3.
20102
What is -34b (base 12) in base 10?
-491
-10100011101100 (base 2) to base 14
-3b64
Convert 5758 (base 13) to base 15.
3961
What is 162 (base 15) in base 8?
475
Convert -314 (base 16) to base 5.
-11123
-220012211 (base 3) to base 12
-a271
Convert 2383 (base 9) to base 14.
90c
10987 (base 13) to base 16
75f1
-6070 (base 10) to base 16
-17b6
Convert -262 (base 14) to base 9.
-581
What is 90 (base 13) in base 7?
225
110010101 (base 2) to base 16
195
Convert -5138 (base 10) to base 3.
-21001022
What is c5 (base 15) in base 7?
353
What is 1110100111 (base 2) in base 9?
1248
Convert -5 (base 7) to base 10.
-5
Convert 524 (base 10) to base 8.
1014
What is 12d3 (base 16) in base 5?
123234
203132 (base 5) to base 16
1a0b
What is -223022 (base 7) in base 2?
-1001101000100101
2094 (base 10) to base 12
1266
61662 (base 7) to base 6
153503
-36119 (base 10) to base 13
-13595
Convert -3065 (base 7) to base 6.
-4552
What is 1872 (base 10) in base 3?
2120100
-38 (base 11) to base 3
-1112
Convert -132013 (base 5) to base 15.
-1858
What is 340144 (base 5) in base 15?
37ee
Convert 24259 (base 10) to base 4.
11323003
-405 (base 7) to base 3
-21110
432 (base 8) to base 13
189
What is 17 (base 13) in base 12?
18
What is -4739 (base 16) in base 2?
-100011100111001
138 (base 13) to base 7
426
Convert -543 (base 6) to base 7.
-414
Convert -164 (base 11) to base 2.
-10111111
c176 (base 16) to base 10
49526
What is -3203 (base 8) in base 3?
-2021202
-13002121 (base 4) to base 16
-7099
What is -273 (base 13) in base 5?
-3212
Convert -31bf (base 16) to base 2.
-11000110111111
-27175 (base 9) to base 12
-a772
What is -533 (base 12) in base 8?
-1367
-14234 (base 8) to base 9
-8570
What is a1a (base 12) in base 7?
4156
2040 (base 6) to base 15
206
What is 22503 (base 9) in base 4?
3222030
Convert 1353 (base 12) to base 11.
1741
a48 (base 11) to base 12
892
What is 18a (base 14) in base 3?
102210
What is 1033 (base 10) in base 4?
100021
Convert -210254 (base 6) to base 16.
-423a
2a2 (base 16) to base 2
1010100010
166 (base 14) to base 12
1ba
200211 (base 3) to base 11
422
-163a (base 13) to base 15
-e75
Convert 106605 (base 7) to base 6.
224420
Convert 4003 (base 14) to base 4.
2223203
9a9 (base 11) to base 10
1208
Convert -305 (base 6) to base 11.
-a3
-777 (base 11) to base 4
-32203
What is -6232 (base 10) in base 16?
-1858
Convert -10025 (base 9) to base 10.
-6584
Convert -6302 (base 8) to base 5.
-101031
3033001 (base 4) to base 3
200011201
-1001100000001 (base 2) to base 14
-1ab7
What is -1ed (base 16) in base 12?
-351
What is 1760 (base 10) in base 15?
7c5
What is -2510 (base 11) in base 2?
-110011001110
-1011100011 (base 2) to base 12
-517
Convert -50562 (base 9) to base 5.
-2031031
What is -431100 (base 5) in base 4?
-3202331
Convert -10010110011 (base 2) to base 11.
-9a4
Convert -654 (base 8) to base 3.
-120212
-343 (base 6) to base 13
-a5
13100330 (base 4) to base 9
44732
1100 (base 3) to base 7
51
464e (base 15) to base 4
3221030
Convert 348 (base 12) to base 6.
2132
What is -75 (base 10) in base 16?
-4b
Convert 100010101 (base 2) to base 9.
337
What is 130283 (base 9) in base 4?
103101321
Convert -11101011 (base 2) to base 14.
-12b
Convert -212212 (base 3) to base 9.
-785
Convert 31122 (base 7) to base 4.
1